 l(-7)?
8
Let c(o) = -9*o - 106. Let z(g) = 11*g + 141. Let n(h) = 9*c(h) + 7*z(h). What is n(8)?
1
Let s(z) = 13*z**2 - 2*z + 1. Let x(k) = 40*k**2 - 4*k - 99. Let i(w) = -3*s(w) + x(w). Calculate i(-11).
-3
Let c(b) be the second derivative of b**4/12 + 4*b**3/3 - 237*b**2/2 + 698*b. What is c(12)?
3
Let g(q) = -q**3 + 18*q**2 - 53*q - 45. Let m be g(14). Let i(a) = 20*a - 8. Determine i(m).
-68
Let o = -21721 + 21727. Let h(b) = -6*b**2 + 36*b - 6. Determine h(o).
-6
Let j(h) be the third derivative of -h**5/12 + h**4/6 - h**3/3 + 486*h**2. Suppose 0 = 3*q + i - 6, 2*i = 5*q - 4*q - 2. Determine j(q).
-14
Let x(n) be the third derivative of 2*n**5/15 + n**4/3 + n**3/2 + 3544*n**2. Calculate x(-2).
19
Let g(d) be the third derivative of -d**6/120 - d**5/3 + 3*d**3/2 + 4358*d**2. Calculate g(-20).
9
Let z(g) = g + 19. Let b(o) be the first derivative of 7*o**4/4 - o**3/3 + o**2 + 2*o + 101. Let j be b(-1). Determine z(j).
11
Let l(t) = 12 - 277*t + 8 + 278*t. Suppose 11 + 5 = -g + 2*y, 0 = -4*g + y - 57. Calculate l(g).
6
Let j(a) = -72 - a**2 - 672*a + 679*a + 42. Determine j(10).
-60
Let q be (16/48)/(3/27). Let w(u) = -u**2 - 12*u**q + 129*u + 142*u - 272*u - 1. Suppose 2*f - 3*s - 2 = -5*s, 0 = -5*f - 2*s - 1. Calculate w(f).
11
Let n(h) = 1026*h + 4. Let c(j) = 2873*j + 9. Let l(v) = -5*c(v) + 14*n(v). Let y = 25 + -17. Give l(y).
3
Suppose -3216 = -322*s + 131*s - 1306. Let k(l) = l**3 - 8*l**2 - 23*l. What is k(s)?
-30
Let o(w) = w**2 - 1. Let q(y) = 2*y**2 - 2. Let s(l) = -3*o(l) + 2*q(l). Let v(j) = -4*j - 13. Let p be v(-4). Let c be 2/21*p*7. Determine s(c).
3
Let c(r) be the second derivative of r**4/3 + r**3/6 - 7*r**2/2 - 9*r - 2. Let f(z) = 5*z**2 + 2*z - 7. Let v(m) = -6*c(m) + 5*f(m). Determine v(-4).
7
Let n(z) be the first derivative of -z**3 + 4*z**2 - 3*z - 273. Determine n(5).
-38
Let f(t) = 2*t + 0*t**2 + t**2 + 3*t**2 - 3*t**2. Suppose 8*n - 8*n = -4*n. Let c be (-4 - n)/((-3 + 0)/(-3)). What is f(c)?
8
Let l(m) = 12 - 2800*m**2 + 701*m**2 + 702*m**2 + 702*m**2 + 699*m**2 + 24*m. What is l(-6)?
12
Let p(h) = -6*h + 7. Suppose 0 = -4*l + 24, 963*d - 16 = 959*d - 2*l. What is p(d)?
1
Let d(t) = 30*t**2 - 60*t - 2. Suppose 6*l = -2*l + 331 - 315. What is d(l)?
-2
Suppose 169*i + 1375 = -487 + 510. Let w(k) be the third derivative of -k**4/24 - 17*k**3/6 + 16*k**2. Give w(i).
-9
Let a(c) = c**2 + 142*c + 4025. Let w be a(-39). Suppose 2*f = -v + 4, -4 = -4*v + f + 3. Let r(t) = 2*t + v - 4 - 9. Determine r(w).
5
Suppose -68 = -180*b - 170 - 438. Let x(j) = -j**2 - 5*j + 2. What is x(b)?
8
Let y be (7/(21/2))/(4/114). Suppose y*b + 8 = 21*b. Let h(c) = c**2 - 7*c - 4. Give h(b).
-16
Let v(c) = -5*c**2 - 2391 + 0*c**2 + 3*c + 2397 + 0*c**2. Determine v(4).
-62
Suppose -314 = 18*y - 1232. Suppose -41*t - 40 = -y*t. Let z(j) = -j - 9. What is z(t)?
-13
Let j(d) = -26 + 28 - 277*d**2 + 211*d**2 - d. Give j(1).
-65
Let z be 560/700*1*(-10)/2. Let c(a) = 34*a**3 + 6 - 26*a**3 + 6*a - 9*a**3 - 3*a**2. Determine c(z).
-2
Let s be (15/(-9) - (-2 - 0))*(810 - 819). Let u(y) = -9*y**2 + 6*y. What is u(s)?
-99
Suppose 0*o + 7*o = -0*o. Let c(n) be the third derivative of -n**4/24 + n**3/2 - 3*n**2 + 22. What is c(o)?
3
Let u(b) = b + 5. Let g(d) = d**3 + 14*d**2 + d - 30. Let j be g(-14). Let f be ((-112)/35)/8 + j/(-10). Give u(f).
9
Let n be 2*1 - (-7 - -6). Let a be 3 + 3 + 16/(-4). Let q(y) = 0 + 0 + 41*y - y**a - 42*y. Determine q(n).
-12
Let b(i) = i + 17. Let j(y) = -4*y - 45. Let z(a) = 8*b(a) + 3*j(a). Calculate z(-2).
9
Let s(f) be the second derivative of f**6/120 - f**5/20 - 5*f**4/24 - f**3/3 - 117*f**2 - 7*f + 8. Let l(g) be the first derivative of s(g). What is l(4)?
-6
Let k(p) = p**2 - 9. Let h be -2*1/12 + 221/(-78). Give k(h).
0
Let h(d) = -d**2 - 1. Suppose -s = s + 12. Let o(v) = -12*v**2 + 2*v - 5. Let w be (-1)/(-1) - (-11 + 3 + 8). Let g(q) = s*h(q) + w*o(q). Calculate g(-1).
-7
Let d(u) be the first derivative of u**5/20 + u**3/6 - 31*u**2/2 + 56*u + 53. Let g(t) be the first derivative of d(t). Calculate g(0).
-31
Let m(g) be the second derivative of 12*g + 1/40*g**5 - 2*g**3 + 0*g**2 + 0 - 1/12*g**4. Let p(f) be the second derivative of m(f). Give p(-3).
-11
Let n(t) = t - 1. Suppose -5*j = -3*x + 36, 0 = 4*x + x - 2*j - 60. Suppose 4*y - x = y. Suppose -h + r = -2*h, -y*h + 6 = r. Determine n(h).
1
Let c be 24/(-10) - (-12390)/1475. Let a(i) = i**3 - 5*i**2 - 5*i - 4. Give a(c).
2
Let l be (18/12 - (-171)/(-18)) + 18. Let d(f) = -10*f + 99. Determine d(l).
-1
Let l(r) be the first derivative of -2*r**2 + 104*r - 2124. What is l(25)?
4
Let h(o) = 2*o**3 - o + 7. Let i be h(2). Suppose i*l = 18*l - 51. Let f be l/(-34) + (-26)/(-4). Let c(z) = -z + 2. Give c(f).
-5
Let q = -20 - -34. Let f = 8 - q. Let y(l) be the first derivative of l**4/4 + 5*l**3/3 - 4*l**2 - 8*l + 942. Give y(f).
4
Let f(v) = v**2 - 3*v - 4. Let h(r) = -r**3 - r**2 + r - 3. Let a be h(-3). Let k be a/10*(3 + (-2)/4). Determine f(k).
-4
Let p(v) = -v**3 - 33*v**2 + 33*v - 33. Let c be p(-34). Suppose 0 = -7*d + 6*d + c. Let r(b) = 5*b**2 + b - 2. Give r(d).
4
Let r(x) = -5*x**2 - 8*x + 7. Suppose 0 = -633*i + 631*i - 6. Let u(h) = 4*h**2 + 8*h - 7. Let k(m) = i*r(m) - 4*u(m). Give k(-8).
7
Let s(m) = -m**3 + 7*m**2 - 7*m + 7. Let o(g) = g + 19. Let y be o(-12). Let v(n) = -n + 19. Let f be v(y). Let c = f - 6. Determine s(c).
1
Let j(t) = -3*t + 6 - 3*t - t. Let k be 6 + -4 - (-27 + 25). Give j(k).
-22
Let d(o) = 175*o + 862. Let b be d(-5). Let a(u) = 14*u + 166. What is a(b)?
-16
Let h(x) be the first derivative of -x**3/3 - 17*x**2/2 - 35*x - 1564. Determine h(-2).
-5
Let z(g) be the third derivative of g**7/5040 - g**6/40 - 11*g**5/60 + 18*g**2. Let d(v) be the third derivative of z(v). Calculate d(0).
-18
Let a(o) = 3*o - 39. Suppose 12*z + 54 = 20*z - 2*z. Give a(z).
-12
Let m(y) be the first derivative of 11*y**4/4 + 2*y**3/3 + y**2 + y + 31424. Suppose -4*q = -4*j + 4, 0 = -3*j - 6*q + 2*q - 11. What is m(j)?
-10
Suppose -10*x = -5*x - 290. Let h = x + -63. Let v(d) = 4*d + 9. Let r(z) = -2*z - 4. Let p(s) = -5*r(s) - 2*v(s). What is p(h)?
-8
Let h(v) = -v**3 + 4*v**2 + 7*v - 2. Suppose -5*x + c = -27, -4 + 12 = -4*c. Give h(x).
8
Let v(y) = y. Let t(o) = -10*o - 3. Let k(c) = t(c) + 2*v(c). Let r(m) = 18*m - 3. Let s be r(0). Determine k(s).
21
Let s(h) = -5 + 15*h - 2*h**2 + 15*h - 24*h - 30*h + 18*h. Give s(-6).
-41
Let j(t) = -6*t**2 + 2*t - 1. Suppose -3 = -o - 4. Let v be o/(-2) + 4*(-4)/(-32). Determine j(v).
-5
Suppose 5 + 5 = 10*f. Suppose -4*u = -3*y - 31, 0 = -3*y - 3*u - f - 23. Let k(o) = o**3 + 8*o**2 - 8*o - 7. Calculate k(y).
-16
Suppose -v = 4*d - 30, -6*v = -3*v + d - 46. Let x = v - 9. Let z(r) be the first derivative of r**4/4 - 5*r**3/3 + r + 152. Give z(x).
1
Let n(y) be the first derivative of -y**6/360 - y**5/24 - y**4/24 - 118*y**3/3 + 62. Let p(a) be the third derivative of n(a). Give p(-6).
-7
Let z(u) be the first derivative of -1/2*u**2 - 8/3*u**3 - 1/4*u**4 - 8*u - 12. Suppose 4*d = 6*d + 16. Give z(d).
0
Let t be 2/((-14)/(-21)*(-3)/151). Let l = t - -70. Let n = -84 - l. Let y(w) = 3*w + 3. What is y(n)?
-6
Let g(t) = t**3 - 21*t**2 - t + 22. Suppose 7*y = 5*y + 3*i + 665, 0 = y - 4*i - 325. Let b = 358 - y. What is g(b)?
1
Let r(u) = u**3 - u**2 + 15*u - 26. Let s(x) = -148*x - 4588. Let j be s(-31). Determine r(j).
-26
Let b(w) = w**3 - 13*w**2 + 13*w - 10. Let c be ((-106)/(-22) - 5) + (-57)/(-11). Suppose 0 = -c*h - 3 + 63. Let n be b(h). Let m(z) = -3*z + 3. Give m(n).
-3
Let k(c) = -c**2 + 25*c + 21. Let d be k(26). Let l(b) be the third derivative of -b**6/120 - b**5/10 - 7*b**4/24 - 5*b**3/6 + 15*b**2. What is l(d)?
5
Let y(h) = -63*h**2 + h. Let t(p) = -58*p**2 + p + 1. Let u(o) = t(o) - y(o). Suppose -1 + 3 = -2*r. Calculate u(r).
6
Let s be (1 - 7) + 0 + -1. Let b(i) = 5*i**2 + 7*i - 26. Let y(a) = -74*a**2 + 7*a - 29 + 80*a**2 - 2 + 1. Let r(m) = 5*b(m) - 4*y(m). Calculate r(s).
-10
Suppose 7*a = 7 + 42. Let r(g) = 7 + 11 - 17 - 9*g - 41*g**2 + 42*g**2. Determine r(a).
-13
Let s(y) = 8*y**2 - 10*y + 1. Let m(c) = -34*c**2 + 47*c - 4. Let g(r) = 2*m(r) + 9*s(r). What is g(-3)?
25
Suppose 3*v - 219 = u - 209, -28 = -4*u - 5*v. Let g(j) = j**3 - 4*j**2 + 3*j - 2. Calculate g(u).
-4
Let n